{"id":28,"date":"2022-12-15T10:59:42","date_gmt":"2022-12-15T10:59:42","guid":{"rendered":"http:\/\/labs.100x100.net\/projects\/footnet\/?page_id=28"},"modified":"2022-12-23T11:01:10","modified_gmt":"2022-12-23T11:01:10","slug":"sobre-nosotros","status":"publish","type":"page","link":"https:\/\/www.footnet.net\/es\/sobre-nosotros\/","title":{"rendered":"Sobre nosotros"},"content":{"rendered":"","protected":false},"excerpt":{"rendered":"","protected":false},"author":1,"featured_media":0,"parent":0,"menu_order":0,"comment_status":"closed","ping_status":"closed","template":"page-about.php","meta":[],"acf":[],"yoast_head":"<!-- This site is optimized with the Yoast SEO plugin v19.13 - https:\/\/yoast.com\/wordpress\/plugins\/seo\/ -->\n<title>Sobre nosotros - Footnet - Especialistas en propiedad intelectual<\/title>\n<meta name=\"description\" content=\"Xavier Vilaseca Lemus cuenta con m\u00e1s de 15 a\u00f1os de experiencia en propiedad intelectual y derecho tecnol\u00f3gico en la industria del deporte.\" \/>\n<meta name=\"robots\" content=\"index, follow, max-snippet:-1, max-image-preview:large, max-video-preview:-1\" \/>\n<link rel=\"canonical\" href=\"https:\/\/www.footnet.net\/es\/sobre-nosotros\/\" \/>\n<meta property=\"og:locale\" content=\"es_ES\" \/>\n<meta property=\"og:type\" content=\"article\" \/>\n<meta property=\"og:title\" content=\"Sobre nosotros - Footnet - Especialistas en propiedad intelectual\" \/>\n<meta property=\"og:description\" content=\"Xavier Vilaseca Lemus cuenta con m\u00e1s de 15 a\u00f1os de experiencia en propiedad intelectual y derecho tecnol\u00f3gico en la industria del deporte.\" \/>\n<meta property=\"og:url\" content=\"https:\/\/www.footnet.net\/es\/sobre-nosotros\/\" \/>\n<meta property=\"og:site_name\" content=\"Footnet\" \/>\n<meta property=\"article:modified_time\" content=\"2022-12-23T11:01:10+00:00\" \/>\n<meta property=\"og:image\" content=\"https:\/\/hundreds-wordpress-uploads.s3.amazonaws.com\/footnet\/uploads\/2022\/12\/sobre_nosotros_footnet.jpg\" \/>\n\t<meta property=\"og:image:width\" content=\"2000\" \/>\n\t<meta property=\"og:image:height\" content=\"1335\" \/>\n\t<meta property=\"og:image:type\" content=\"image\/jpeg\" \/>\n<meta name=\"twitter:card\" content=\"summary_large_image\" \/>\n<meta name=\"twitter:image\" content=\"https:\/\/hundreds-wordpress-uploads.s3.amazonaws.com\/footnet\/uploads\/2022\/12\/sobre_nosotros_footnet.jpg\" \/>\n<script type=\"application\/ld+json\" class=\"yoast-schema-graph\">{\"@context\":\"https:\/\/schema.org\",\"@graph\":[{\"@type\":\"WebPage\",\"@id\":\"https:\/\/www.footnet.net\/es\/sobre-nosotros\/\",\"url\":\"https:\/\/www.footnet.net\/es\/sobre-nosotros\/\",\"name\":\"Sobre nosotros - Footnet - Especialistas en propiedad intelectual\",\"isPartOf\":{\"@id\":\"https:\/\/footnet.net\/#website\"},\"datePublished\":\"2022-12-15T10:59:42+00:00\",\"dateModified\":\"2022-12-23T11:01:10+00:00\",\"description\":\"Xavier Vilaseca Lemus cuenta con m\u00e1s de 15 a\u00f1os de experiencia en propiedad intelectual y derecho tecnol\u00f3gico en la industria del deporte.\",\"breadcrumb\":{\"@id\":\"https:\/\/www.footnet.net\/es\/sobre-nosotros\/#breadcrumb\"},\"inLanguage\":\"es\",\"potentialAction\":[{\"@type\":\"ReadAction\",\"target\":[\"https:\/\/www.footnet.net\/es\/sobre-nosotros\/\"]}]},{\"@type\":\"BreadcrumbList\",\"@id\":\"https:\/\/www.footnet.net\/es\/sobre-nosotros\/#breadcrumb\",\"itemListElement\":[{\"@type\":\"ListItem\",\"position\":1,\"name\":\"Home\",\"item\":\"https:\/\/footnet.net\/es\/\"},{\"@type\":\"ListItem\",\"position\":2,\"name\":\"Sobre nosotros\"}]},{\"@type\":\"WebSite\",\"@id\":\"https:\/\/footnet.net\/#website\",\"url\":\"https:\/\/footnet.net\/\",\"name\":\"Footnet\",\"description\":\"Footnet\",\"publisher\":{\"@id\":\"https:\/\/footnet.net\/#organization\"},\"potentialAction\":[{\"@type\":\"SearchAction\",\"target\":{\"@type\":\"EntryPoint\",\"urlTemplate\":\"https:\/\/footnet.net\/?s={search_term_string}\"},\"query-input\":\"required name=search_term_string\"}],\"inLanguage\":\"es\"},{\"@type\":\"Organization\",\"@id\":\"https:\/\/footnet.net\/#organization\",\"name\":\"Footnet\",\"url\":\"https:\/\/footnet.net\/\",\"logo\":{\"@type\":\"ImageObject\",\"inLanguage\":\"es\",\"@id\":\"https:\/\/footnet.net\/#\/schema\/logo\/image\/\",\"url\":\"https:\/\/hundreds-wordpress-uploads.s3.amazonaws.com\/footnet\/uploads\/2023\/01\/logo_footnet.png\",\"contentUrl\":\"https:\/\/hundreds-wordpress-uploads.s3.amazonaws.com\/footnet\/uploads\/2023\/01\/logo_footnet.png\",\"width\":77,\"height\":100,\"caption\":\"Footnet\"},\"image\":{\"@id\":\"https:\/\/footnet.net\/#\/schema\/logo\/image\/\"},\"sameAs\":[\"https:\/\/www.linkedin.com\/in\/xavier-vilaseca-lemus-73895b16\/\"]}]}<\/script>\n<!-- \/ Yoast SEO plugin. -->","yoast_head_json":{"title":"Sobre nosotros - Footnet - Especialistas en propiedad intelectual","description":"Xavier Vilaseca Lemus cuenta con m\u00e1s de 15 a\u00f1os de experiencia en propiedad intelectual y derecho tecnol\u00f3gico en la industria del deporte.","robots":{"index":"index","follow":"follow","max-snippet":"max-snippet:-1","max-image-preview":"max-image-preview:large","max-video-preview":"max-video-preview:-1"},"canonical":"https:\/\/www.footnet.net\/es\/sobre-nosotros\/","og_locale":"es_ES","og_type":"article","og_title":"Sobre nosotros - Footnet - Especialistas en propiedad intelectual","og_description":"Xavier Vilaseca Lemus cuenta con m\u00e1s de 15 a\u00f1os de experiencia en propiedad intelectual y derecho tecnol\u00f3gico en la industria del deporte.","og_url":"https:\/\/www.footnet.net\/es\/sobre-nosotros\/","og_site_name":"Footnet","article_modified_time":"2022-12-23T11:01:10+00:00","og_image":[{"width":2000,"height":1335,"url":"https:\/\/hundreds-wordpress-uploads.s3.amazonaws.com\/footnet\/uploads\/2022\/12\/sobre_nosotros_footnet.jpg","type":"image\/jpeg"}],"twitter_card":"summary_large_image","twitter_image":"https:\/\/hundreds-wordpress-uploads.s3.amazonaws.com\/footnet\/uploads\/2022\/12\/sobre_nosotros_footnet.jpg","schema":{"@context":"https:\/\/schema.org","@graph":[{"@type":"WebPage","@id":"https:\/\/www.footnet.net\/es\/sobre-nosotros\/","url":"https:\/\/www.footnet.net\/es\/sobre-nosotros\/","name":"Sobre nosotros - Footnet - Especialistas en propiedad intelectual","isPartOf":{"@id":"https:\/\/footnet.net\/#website"},"datePublished":"2022-12-15T10:59:42+00:00","dateModified":"2022-12-23T11:01:10+00:00","description":"Xavier Vilaseca Lemus cuenta con m\u00e1s de 15 a\u00f1os de experiencia en propiedad intelectual y derecho tecnol\u00f3gico en la industria del deporte.","breadcrumb":{"@id":"https:\/\/www.footnet.net\/es\/sobre-nosotros\/#breadcrumb"},"inLanguage":"es","potentialAction":[{"@type":"ReadAction","target":["https:\/\/www.footnet.net\/es\/sobre-nosotros\/"]}]},{"@type":"BreadcrumbList","@id":"https:\/\/www.footnet.net\/es\/sobre-nosotros\/#breadcrumb","itemListElement":[{"@type":"ListItem","position":1,"name":"Home","item":"https:\/\/footnet.net\/es\/"},{"@type":"ListItem","position":2,"name":"Sobre nosotros"}]},{"@type":"WebSite","@id":"https:\/\/footnet.net\/#website","url":"https:\/\/footnet.net\/","name":"Footnet","description":"Footnet","publisher":{"@id":"https:\/\/footnet.net\/#organization"},"potentialAction":[{"@type":"SearchAction","target":{"@type":"EntryPoint","urlTemplate":"https:\/\/footnet.net\/?s={search_term_string}"},"query-input":"required name=search_term_string"}],"inLanguage":"es"},{"@type":"Organization","@id":"https:\/\/footnet.net\/#organization","name":"Footnet","url":"https:\/\/footnet.net\/","logo":{"@type":"ImageObject","inLanguage":"es","@id":"https:\/\/footnet.net\/#\/schema\/logo\/image\/","url":"https:\/\/hundreds-wordpress-uploads.s3.amazonaws.com\/footnet\/uploads\/2023\/01\/logo_footnet.png","contentUrl":"https:\/\/hundreds-wordpress-uploads.s3.amazonaws.com\/footnet\/uploads\/2023\/01\/logo_footnet.png","width":77,"height":100,"caption":"Footnet"},"image":{"@id":"https:\/\/footnet.net\/#\/schema\/logo\/image\/"},"sameAs":["https:\/\/www.linkedin.com\/in\/xavier-vilaseca-lemus-73895b16\/"]}]}},"_links":{"self":[{"href":"https:\/\/www.footnet.net\/es\/wp-json\/wp\/v2\/pages\/28"}],"collection":[{"href":"https:\/\/www.footnet.net\/es\/wp-json\/wp\/v2\/pages"}],"about":[{"href":"https:\/\/www.footnet.net\/es\/wp-json\/wp\/v2\/types\/page"}],"author":[{"embeddable":true,"href":"https:\/\/www.footnet.net\/es\/wp-json\/wp\/v2\/users\/1"}],"replies":[{"embeddable":true,"href":"https:\/\/www.footnet.net\/es\/wp-json\/wp\/v2\/comments?post=28"}],"version-history":[{"count":1,"href":"https:\/\/www.footnet.net\/es\/wp-json\/wp\/v2\/pages\/28\/revisions"}],"predecessor-version":[{"id":29,"href":"https:\/\/www.footnet.net\/es\/wp-json\/wp\/v2\/pages\/28\/revisions\/29"}],"wp:attachment":[{"href":"https:\/\/www.footnet.net\/es\/wp-json\/wp\/v2\/media?parent=28"}],"curies":[{"name":"wp","href":"https:\/\/api.w.org\/{rel}","templated":true}]}}

<!-- This site is optimized with the Yoast SEO plugin v19.13 - https://yoast.com/wordpress/plugins/seo/ -->
<title>Sobre nosotros - Footnet - Especialistas en propiedad intelectual</title>
<meta name="description" content="Xavier Vilaseca Lemus cuenta con más de 15 años de experiencia en propiedad intelectual y derecho tecnológico en la industria del deporte." />
<meta name="robots" content="index, follow, max-snippet:-1, max-image-preview:large, max-video-preview:-1" />
<link rel="canonical" href="https://www.footnet.net/es/sobre-nosotros/" />
<meta property="og:locale" content="es_ES" />
<meta property="og:type" content="article" />
<meta property="og:title" content="Sobre nosotros - Footnet - Especialistas en propiedad intelectual" />
<meta property="og:description" content="Xavier Vilaseca Lemus cuenta con más de 15 años de experiencia en propiedad intelectual y derecho tecnológico en la industria del deporte." />
<meta property="og:url" content="https://www.footnet.net/es/sobre-nosotros/" />
<meta property="og:site_name" content="Footnet" />
<meta property="article:modified_time" content="2022-12-23T11:01:10+00:00" />
<meta property="og:image" content="https://hundreds-wordpress-uploads.s3.amazonaws.com/footnet/uploads/2022/12/sobre_nosotros_footnet.jpg" />
	<meta property="og:image:width" content="2000" />
	<meta property="og:image:height" content="1335" />
	<meta property="og:image:type" content="image/jpeg" />
<meta name="twitter:card" content="summary_large_image" />
<meta name="twitter:image" content="https://hundreds-wordpress-uploads.s3.amazonaws.com/footnet/uploads/2022/12/sobre_nosotros_footnet.jpg" />
<script type="application/ld+json" class="yoast-schema-graph">{"@context":"https://schema.org","@graph":[{"@type":"WebPage","@id":"https://www.footnet.net/es/sobre-nosotros/","url":"https://www.footnet.net/es/sobre-nosotros/","name":"Sobre nosotros - Footnet - Especialistas en propiedad intelectual","isPartOf":{"@id":"https://footnet.net/#website"},"datePublished":"2022-12-15T10:59:42+00:00","dateModified":"2022-12-23T11:01:10+00:00","description":"Xavier Vilaseca Lemus cuenta con más de 15 años de experiencia en propiedad intelectual y derecho tecnológico en la industria del deporte.","breadcrumb":{"@id":"https://www.footnet.net/es/sobre-nosotros/#breadcrumb"},"inLanguage":"es","potentialAction":[{"@type":"ReadAction","target":["https://www.footnet.net/es/sobre-nosotros/"]}]},{"@type":"BreadcrumbList","@id":"https://www.footnet.net/es/sobre-nosotros/#breadcrumb","itemListElement":[{"@type":"ListItem","position":1,"name":"Home","item":"https://footnet.net/es/"},{"@type":"ListItem","position":2,"name":"Sobre nosotros"}]},{"@type":"WebSite","@id":"https://footnet.net/#website","url":"https://footnet.net/","name":"Footnet","description":"Footnet","publisher":{"@id":"https://footnet.net/#organization"},"potentialAction":[{"@type":"SearchAction","target":{"@type":"EntryPoint","urlTemplate":"https://footnet.net/?s={search_term_string}"},"query-input":"required name=search_term_string"}],"inLanguage":"es"},{"@type":"Organization","@id":"https://footnet.net/#organization","name":"Footnet","url":"https://footnet.net/","logo":{"@type":"ImageObject","inLanguage":"es","@id":"https://footnet.net/#/schema/logo/image/","url":"https://hundreds-wordpress-uploads.s3.amazonaws.com/footnet/uploads/2023/01/logo_footnet.png","contentUrl":"https://hundreds-wordpress-uploads.s3.amazonaws.com/footnet/uploads/2023/01/logo_footnet.png","width":77,"height":100,"caption":"Footnet"},"image":{"@id":"https://footnet.net/#/schema/logo/image/"},"sameAs":["https://www.linkedin.com/in/xavier-vilaseca-lemus-73895b16/"]}]}</script>
<!-- / Yoast SEO plugin. -->

Xavier Vilaseca Lemus cuenta con más de 15 años de experiencia en propiedad intelectual y derecho tecnológico en la industria del deporte.
